**2. Give p(5).
1
Let k be (0 - 2)*3/(-2). Let d(j) = -5*j + 3. Let w(u) = -2*u + 1. Let b(s) = 4*d(s) - 11*w(s). Calculate b(k).
7
Let q = 21 + -19. Let k(d) = d**3 + 2*d**2 - d - 1. Give k(q).
13
Let q(x) = 3*x**2 + 2*x - 1. Let l be q(-2). Suppose -l = -m - 1. Let u(h) = -6*h + 3 + m*h - h**2. Calculate u(0).
3
Let j(d) = d**3 + 7*d**2 + 5*d - 3. Suppose 4 = -c - 2. Let q be j(c). Let m(y) = q*y - 4 + 5 + 0*y. What is m(1)?
4
Let i = 1 - -2. Let u be (i/(-6))/(2/(-4)). Let c(m) = -5*m + 1. What is c(u)?
-4
Let d(m) = m**2 - 11*m + 22. Let u be d(7). Let z(o) = 7 - 3*o + 8 - 4. Let k(h) = -h + 1. Let a(t) = -4*k(t) + z(t). What is a(u)?
1
Let z(r) = 4*r + 9. Let n(t) = 2*t + 9. Let x(y) = 3*n(y) - 2*z(y). Calculate x(8).
-7
Let h(w) = 3*w - 1. Let l(o) = 2*o + 19. Let u be l(-9). What is h(u)?
2
Let j(n) = 2*n - 8. Let b(w) = -w + 5. Let l(z) = -8*b(z) - 5*j(z). What is l(-4)?
8
Let a(k) = -3*k**3 + 6*k**2 + k**3 - 7*k + k**3 + 4. Suppose 4*h = 5*b - 9, -5*b - h - h = -33. Determine a(b).
-6
Let w(z) be the third derivative of 0*z + 1/60*z**5 - 1/3*z**3 + 1/12*z**4 + 0 - z**2. Suppose -u - t + 16 = -6*t, t = 2*u + 4. Determine w(u).
6
Let k(t) be the second derivative of -t**6/720 + t**5/120 - t**4/12 + 3*t. Let c(y) be the third derivative of k(y). Calculate c(0).
1
Let v(l) = 2*l - 7*l - 2*l + l. Calculate v(-2).
12
Let u(f) be the third derivative of -f**4/8 - f**3/2 + 5*f**2. What is u(-3)?
6
Let z(k) = -k**3 - 8*k**2 - 8*k - 4. Let f(m) = -m**3 - 7*m**2 - 7*m - 5. Let d(s) = -3*f(s) + 4*z(s). Determine d(-10).
9
Suppose 2*a + 0*p - 22 = -4*p, -2*a + 17 = 3*p. Let w be (-6)/3 + (1 - a). Let c(h) = -3*h - 5. Let b(f) = 7*f + 11. Let r(i) = -2*b(i) - 5*c(i). What is r(w)?
1
Let l(c) = -2*c**2 + 25*c - 12. Let p(y) = y**2 - 12*y + 6. Let z(i) = 6*l(i) + 13*p(i). Let m be 0 - (3 + -6 - -18). Let x = 21 + m. Determine z(x).
6
Let w be (0 - (-1)/(-2))*12. Let f(o) be the first derivative of 5*o - 1/3*o**3 + 7 - 3*o**2. Give f(w).
5
Let q(d) = d - 2. Let w(g) = 2*g - 4. Let z(y) = -5*q(y) + 3*w(y). Suppose 1 = -5*h - 14. Calculate z(h).
-5
Let s(i) = 1 - 10*i - 7*i - 16*i + 31*i. Calculate s(1).
-1
Suppose -3*q = 2*q - 15. Suppose 5*i = 2*i + 9. Let v(t) = -3*t**3 - 1 - 2*t**2 - t**i + 5*t**3. What is v(q)?
8
Let r(o) = -5*o**2 + o + 1. Let k(y) = y**2 - 8*y + 6. Let h(d) = -d + 2. Let t be h(-2). Let x be 27/t - 1/(-4). Let p be k(x). Give r(p).
-5
Let a(z) = -6*z - 1. Let f(w) = 11*w + 2. Let q(d) = 5*a(d) + 3*f(d). What is q(-1)?
-2
Let i(j) = -j + 3. Suppose 5 = -5*h, -3*o + 9 = -o + h. Suppose -w + o*w = 12. What is i(w)?
0
Let l(i) be the third derivative of -i**4/24 + 5*i**3/6 + 6*i**2. Suppose -2*g - d + 3 = 2*g, -12 = -3*g - 4*d. Determine l(g).
5
Suppose 0*a - 35 = 5*a. Let b = a - -11. Let z(r) = -r**3 + 7*r**2 + r - 6. Let s(l) = -2*l**3 + 13*l**2 + 2*l - 11. Let n(i) = 3*s(i) - 5*z(i). Give n(b).
1
Let x(s) = 11*s**3 - 3*s**2 - s. Let d(l) = -33*l**3 + 10*l**2 + 3*l. Let f(c) = 2*d(c) + 7*x(c). Calculate f(-1).
-11
Suppose 3*l = 2*y + 5, -5*l + 3*y + 8 = 1. Let h = l + -1. Let q(u) be the second derivative of -u**3/6 + u**2/2 - u. Determine q(h).
3
Let l(f) = -2*f + 2*f**2 - 7*f**2 + 2*f**2 + f**2. Suppose -6 + 18 = -4*y. What is l(y)?
-12
Let n(v) = -5*v + 3. Let c(a) = 9*a - 6. Let d(k) = 6*c(k) + 11*n(k). Give d(5).
-8
Suppose 0 = -3*x - f + 6 + 1, -5*f - 25 = -5*x. Let t(k) be the third derivative of -1/24*k**4 + x*k**2 + 0 - 1/60*k**5 + 0*k - 1/3*k**3. Give t(-2).
-4
Let k(n) = n**3. Suppose -2*f + 1 - 5 = 0. Let a be ((-1)/((-4)/(-8)))/f. Calculate k(a).
1
Let k be (-1*9)/(-3) - 1. Suppose -4*l + 1 = -3*j + 11, -k*l + 6 = 4*j. Let u(r) = 4*r - 2. What is u(j)?
6
Let h be 2 + -2 + 3/1. Suppose -2*a = 4*j - 26, 0 = -h*j + 2*j + 3*a - 11. Let v(r) = -r**3 + 3*r**2 + 2*r - 3. What is v(j)?
-11
Let q(x) be the first derivative of x**2/2 - 13*x - 2. Let s be q(7). Let j(m) = m**2 + 7*m + 2. Determine j(s).
-4
Let f(c) = c**2 + 3*c + 2. Let r(k) be the first derivative of k**2 + 4*k + 3. Let g be r(-3). Give f(g).
0
Let a(d) = 8829*d**2 - 4*d + 1 - 8835*d**2 - d**3 - 2. Calculate a(-4).
-17
Let x(k) = -k**2 - 6*k - 3. Let p be (3 - (-3)/3) + 18. Suppose -4*t - 6 - p = 0. Determine x(t).
-10
Let q(y) be the second derivative of -y**4/6 - y**2/2 - y. Let w be (-6)/(-18) - 2/(-3). Suppose 3*k + w = 4*z, 3*k - 2*z = k. Determine q(k).
-3
Let v(k) = -3*k - 2. Suppose -2*b - 3 = -3*b. Suppose 4*t + 0*t + w - 11 = 0, 5*t - b*w = 18. Give v(t).
-11
Let o = -14 - -11. Let n(k) = -3*k**2 - 3*k + 1. Give n(o).
-17
Let j(k) be the second derivative of -k**4/12 - k**3 - 5*k**2/2 + 5*k. Let c = -4 - 1. Determine j(c).
0
Suppose 0 = 5*a + 3*a - 16. Let x(o) = -o**3 - o**2 + o + 1. Give x(a).
-9
Suppose c - 4*q - 10 = 4, -3*q - 9 = 0. Let b(p) = 3*p. Let x(r) = -9*r. Let n(j) = 11*b(j) + 4*x(j). What is n(c)?
-6
Let i(h) = h. Let s be i(4). Suppose 4*g - 6 = 2*g + s*z, -5*z - 12 = 2*g. Let l(n) = 24*n**2 + 0 - 32*n**2 - 2*n + 5 - 6. What is l(g)?
-7
Let h(z) = -z**3 + 9*z**2 + 12*z - 12. Let u be (2 - (2 - 3))/((-12)/(-40)). Calculate h(u).
8
Suppose -3*b = 2 - 17. Let l(a) = -a**3 + 4*a**2 + 4*a + 2. Give l(b).
-3
Let p(j) = -j - 3. Let d(z) = -2*z - 7. Let m(v) = 2*d(v) - 5*p(v). Give m(0).
1
Let a(g) be the third derivative of -g**4/24 + 13*g**3/6 + 47*g**2. Calculate a(8).
5
Let g(p) be the second derivative of p**3/6 - 3*p**2 + 7*p. Give g(0).
-6
Let m(g) = -g + 6. Let b be m(0). Let n be 155/15 - (-4)/b. Suppose -2 + n = -3*w. Let c(y) = y**2 + 3*y + 4. Give c(w).
4
Let x = 12 - 5. Let s = 5 - x. Let j(d) = -2*d - 3. Determine j(s).
1
Let t(o) = o**3 - 6*o**2 + 6*o - 7. Let k be t(5). Let g be (1 - 0)*8/k. Let c(p) = 2*p + 0*p + 2 + p**3 + 4*p**2 + 0*p. What is c(g)?
-6
Let k be (-3)/2*(4 + 0). Let h(l) = -2*l - 7. Determine h(k).
5
Let b(d) be the second derivative of d**3/6 - 3*d**2 - 18*d. Suppose -2*j + 12 = 2*j - 2*l, 5*j + 4*l - 28 = 0. Suppose j*y - y = 9. What is b(y)?
-3
Let l(f) = f**3 + 8*f**2 - 2. Let c be l(-8). Let k(s) = s + 1. Give k(c).
-1
Let x(t) = -15*t**2 + 10*t - 10. Let r(l) = -l**2 + l - 1. Let q(n) = 30*r(n) - 3*x(n). Let h = 5 + -4. Calculate q(h).
15
Let f(y) = y**2 - 4*y - 4. Suppose -4*h - 7 = -z, -h = -3*z + h + 11. What is f(z)?
-7
Let x = -8 + 11. Let n(k) = 7*k**2 - 8*k + 1. Let v(b) = 8*b**2 - 9*b + 2. Let y(f) = 6*n(f) - 5*v(f). Calculate y(x).
5
Let o = 6 - 4. Suppose 12 = -4*i + 8*i, 0 = u - i. Let n(b) = -u + 3*b**2 - 4*b**2 + 0 + 4*b. Determine n(o).
1
Let d(w) be the second derivative of w**3/3 - w**2/2 - w. What is d(4)?
7
Let p(y) = -y**2 - 6*y - 2. Let x be p(-5). Let i(l) = -l - l - 3*l**2 - 4*l**x + l**2 + l. What is i(-1)?
3
Let f(j) = 2*j - 17. Let z(l) = -l**2 - l + 1. Let h(g) = f(g) + z(g). Determine h(0).
-16
Let w = 490 + -490. Let p(c) = -6 + 3*c - 2*c + 0*c. Calculate p(w).
-6
Suppose -5*a = 2*v + 6, 3*a = v - 5 - 3. Let d(m) be the first derivative of 3/2*m**2 - 1 + 1/3*m**3 + v*m. Calculate d(-3).
2
Let r(p) = 5 + 7*p**2 - 6*p**2 - 13 - 4*p. Calculate r(6).
4
Let g be (-2)/(-8) + 2/8. Let q(m) be the first derivative of -2 - m + g*m**2. What is q(1)?
0
Let w(o) = 4*o**3 - 8*o**2 + 4*o - 3. Let d(v) = 3*v**3 - 7*v**2 + 4*v - 3. Suppose 3 = j + 5. Let t(r) = j*w(r) + 3*d(r). Determine t(4).
-3
Let l(k) = -k + 1. Let n = 9 - 7. Let f(r) = -r + 2. Let b = 2 - 1. Let v(z) = b*f(z) + n*l(z). Give v(3).
-5
Let y(d) = d**3 - 7*d**2 - 8*d - 10. Let c(m) = 8*m**2 + 26 - m**3 + 24 - 39 + 9*m. Let t(q) = 2*c(q) + 3*y(q). Determine t(6).
-8
Let f = 66 + -67. Let l(i) = i. Calculate l(f).
-1
Let f(i) = 7*i**3 + 7*i + 1. Let b(n) = -11*n**3 - 11*n - 2. Let c(w) = -5*b(w) - 8*f(w). Suppose 0 = 3*s - 4*s. Give c(s).
2
Let h = -162 - -158. Let n(v) = 4*v. Give n(h).
-16
Let s(q) = q**2 + q + 2. Suppose x + 4 - 7 = 0. Suppose 0 = 3*z - y + 30, -x*z = z - 2*y + 42. Let n be (2 + 24/z)*-3. What is s(n)?
8
Let j(d) be the third derivative of -1/6*d**3 + 0 + 0*d - 7*d**2 + 1/24*d**4. Determine j(3).
2
Let n(j) = j + 10. Let c be n(-9). Suppose -z + 0 - c = 0. Let h(x) = -3*x**3 - 2*x**2 - 2*x - 1. Calculate h(z).
2
Let u(n) be the second derivative of -1/3*n**3 + 3/2*n**2 + 0 + 1/4*n**4 + n - 1/10*n**5. Suppose -2*t + 4*j + 4 = 2*t, -2*j = t - 4. Give u(t).
-5
Let i(h) be the third derivative of -h**5/60 